{"id":4991,"date":"2023-06-09T10:54:01","date_gmt":"2023-06-09T08:54:01","guid":{"rendered":"https:\/\/mzwikglowno.pl\/?page_id=4991"},"modified":"2025-08-14T12:06:25","modified_gmt":"2025-08-14T10:06:25","slug":"inwestycje","status":"publish","type":"page","link":"https:\/\/mzwikglowno.pl\/index.php\/inwestycje\/","title":{"rendered":"Inwestycje"},"content":{"rendered":"<p>&nbsp;<\/p>\n<p><strong>Miejski Zak\u0142ad Wodoci\u0105g\u00f3w i Kanalizacji sp. z o.o. w G\u0142ownie prowadzi<\/strong><\/p>\n<p><strong>budow\u0119 sieci kanalizacji sanitarnej w ul. \u017bo\u0142\u0119dziowej od ul. D\u0119bowej<\/strong><\/p>\n<p><strong> i w ul. Bukowej.<\/strong><\/p>\n<p><strong>\u0141\u0105czna d\u0142ugo\u015b\u0107 kana\u0142u sanitarnego wraz z&nbsp; odej\u015bciami bocznymi wynosi\u0107 b\u0119dzie oko\u0142o 700 mb.<\/strong><\/p>\n<p><strong>Przewidywany termin uko\u0144czenia inwestycji to prze\u0142om wrze\u015bnia i pa\u017adziernika 2025r.<\/strong><\/p>\n<p>&nbsp;<\/p>\n<p>&nbsp;<\/p>\n<p>&nbsp; <a href=\"https:\/\/mzwikglowno.pl\/wp-content\/uploads\/2025\/08\/koparka.jpg\"><img loading=\"lazy\" decoding=\"async\" class=\"alignnone size-full wp-image-6087\" src=\"https:\/\/mzwikglowno.pl\/wp-content\/uploads\/2025\/08\/koparka.jpg\" alt=\"koparka\" width=\"500\" height=\"722\" srcset=\"https:\/\/mzwikglowno.pl\/wp-content\/uploads\/2025\/08\/koparka.jpg 500w, https:\/\/mzwikglowno.pl\/wp-content\/uploads\/2025\/08\/koparka-208x300.jpg 208w\" sizes=\"auto, (max-width: 500px) 100vw, 500px\" \/><\/a><a href=\"https:\/\/mzwikglowno.pl\/wp-content\/uploads\/2025\/08\/IMG_20250814_080449.jpg-A.jpg\"><img loading=\"lazy\" decoding=\"async\" class=\"alignnone size-full wp-image-6088\" src=\"https:\/\/mzwikglowno.pl\/wp-content\/uploads\/2025\/08\/IMG_20250814_080449.jpg-A.jpg\" alt=\"Obraz\" width=\"500\" height=\"722\" srcset=\"https:\/\/mzwikglowno.pl\/wp-content\/uploads\/2025\/08\/IMG_20250814_080449.jpg-A.jpg 500w, https:\/\/mzwikglowno.pl\/wp-content\/uploads\/2025\/08\/IMG_20250814_080449.jpg-A-208x300.jpg 208w\" sizes=\"auto, (max-width: 500px) 100vw, 500px\" \/><\/a><a href=\"https:\/\/mzwikglowno.pl\/wp-content\/uploads\/2025\/08\/IMG_20250814_080556.jpgA_.jpg\"><img loading=\"lazy\" decoding=\"async\" class=\"alignnone size-full wp-image-6089\" src=\"https:\/\/mzwikglowno.pl\/wp-content\/uploads\/2025\/08\/IMG_20250814_080556.jpgA_.jpg\" alt=\"Obraz\" width=\"500\" height=\"723\" srcset=\"https:\/\/mzwikglowno.pl\/wp-content\/uploads\/2025\/08\/IMG_20250814_080556.jpgA_.jpg 500w, https:\/\/mzwikglowno.pl\/wp-content\/uploads\/2025\/08\/IMG_20250814_080556.jpgA_-207x300.jpg 207w\" sizes=\"auto, (max-width: 500px) 100vw, 500px\" \/><\/a><a href=\"https:\/\/mzwikglowno.pl\/wp-content\/uploads\/2025\/08\/IMG_20250814_081417.jpgA_.jpg\"><img loading=\"lazy\" decoding=\"async\" class=\"alignnone size-full wp-image-6092\" src=\"https:\/\/mzwikglowno.pl\/wp-content\/uploads\/2025\/08\/IMG_20250814_081417.jpgA_.jpg\" alt=\"Obraz\" width=\"500\" height=\"724\" srcset=\"https:\/\/mzwikglowno.pl\/wp-content\/uploads\/2025\/08\/IMG_20250814_081417.jpgA_.jpg 500w, https:\/\/mzwikglowno.pl\/wp-content\/uploads\/2025\/08\/IMG_20250814_081417.jpgA_-207x300.jpg 207w\" sizes=\"auto, (max-width: 500px) 100vw, 500px\" \/><\/a><\/p>\n<p>&nbsp;<\/p>\n<hr>\n<p><span style=\"font-size: 12pt; font-family: verdana, geneva, sans-serif;\"><strong>Inwestycje wykonane przez nasz\u0105 Sp\u00f3\u0142k\u0119 w 2023r<\/strong><\/span><\/p>\n<p>&nbsp;<\/p>\n<ol>\n<li><span style=\"font-size: 12pt; font-family: verdana, geneva, sans-serif;\"><strong><span style=\"color: #000000;\">&nbsp;Budowa sieci kanalizacyjnej w ul. prof. R. A. Cebertowicza\/ W. Jab\u0142o\u0144skiego- <\/span><span style=\"color: #000000;\">sie\u0107 kanalizacji sanitarnej z rur fi 200 PVC o \u0142\u0105cznej d\u0142ugo\u015bci 275,29 mb wraz ze studniami rewizyjnymi i si\u0119gaczami do granic posesji fi 160 o \u0142\u0105cznej d\u0142ugo\u015bci 56,29 mb.<\/span><\/strong><\/span><br \/>\n<hr>\n<\/li>\n<li><span style=\"font-size: 12pt; font-family: verdana, geneva, sans-serif;\"><strong><span style=\"color: #000000;\">Budowa sieci wodoci\u0105gowej w ul. prof. R. A.Cebertowicza- <\/span><span style=\"color: #000000;\">sie\u0107 wodoci\u0105gowa z rur fi 110 PVC o \u0142\u0105cznej d\u0142ugo\u015bci 74,00 mb wraz z si\u0119gaczami do granic posesji fi 40 o \u0142\u0105cznej d\u0142ugo\u015bci 14,06 mb. oraz z hydrantem (1 szt.).<\/span><\/strong><\/span><br \/>\n<hr>\n<\/li>\n<li><span style=\"font-size: 12pt; font-family: verdana, geneva, sans-serif;\"><strong><span style=\"color: #000000;\">Wykonanie instalacji wewn\u0119trznej kot\u0142owni w zakresie c.o. i cwu wraz z dostaw\u0105 i monta\u017cem zbiornika na gaz w&nbsp; Miejskiej Oczyszczalni \u015aciek\u00f3w w G\u0142ownie przy ul. Piaskowej 39 oraz wykonaniem instalacji zewn\u0119trznej dla zasilania budynku.<\/span><\/strong><\/span><\/li>\n<\/ol>\n<p><span style=\"font-family: verdana, geneva, sans-serif; font-size: 12pt;\"><a href=\"https:\/\/mzwikglowno.pl\/index.php\/inwestycje\/20231023_083033-a-5\/\" rel=\"attachment wp-att-5101\"><img loading=\"lazy\" decoding=\"async\" class=\"aligncenter wp-image-5101 size-full\" src=\"https:\/\/mzwikglowno.pl\/wp-content\/uploads\/2023\/10\/20231023_083033-A-4.jpg\" alt=\"Inwestycje\" width=\"500\" height=\"236\" srcset=\"https:\/\/mzwikglowno.pl\/wp-content\/uploads\/2023\/10\/20231023_083033-A-4.jpg 500w, https:\/\/mzwikglowno.pl\/wp-content\/uploads\/2023\/10\/20231023_083033-A-4-300x142.jpg 300w\" sizes=\"auto, (max-width: 500px) 100vw, 500px\" \/><\/a><\/span><\/p>\n<p><span style=\"font-family: verdana, geneva, sans-serif; font-size: 12pt;\"><a href=\"https:\/\/mzwikglowno.pl\/index.php\/inwestycje\/20231023_083112-a-2\/\" rel=\"attachment wp-att-5103\"><img loading=\"lazy\" decoding=\"async\" class=\"aligncenter wp-image-5103 size-full\" src=\"https:\/\/mzwikglowno.pl\/wp-content\/uploads\/2023\/10\/20231023_083112-A-1.jpg\" alt=\"Inwestycje\" width=\"500\" height=\"1056\" srcset=\"https:\/\/mzwikglowno.pl\/wp-content\/uploads\/2023\/10\/20231023_083112-A-1.jpg 500w, https:\/\/mzwikglowno.pl\/wp-content\/uploads\/2023\/10\/20231023_083112-A-1-142x300.jpg 142w, https:\/\/mzwikglowno.pl\/wp-content\/uploads\/2023\/10\/20231023_083112-A-1-485x1024.jpg 485w\" sizes=\"auto, (max-width: 500px) 100vw, 500px\" \/><\/a><\/span><\/p>\n<p><span style=\"font-family: verdana, geneva, sans-serif; font-size: 12pt;\"><a href=\"https:\/\/mzwikglowno.pl\/index.php\/inwestycje\/20231023_083509-a\/\" rel=\"attachment wp-att-5104\"><img loading=\"lazy\" decoding=\"async\" class=\"aligncenter wp-image-5104 size-full\" src=\"https:\/\/mzwikglowno.pl\/wp-content\/uploads\/2023\/10\/20231023_083509-A.jpg\" alt=\"Inwestycje\" width=\"500\" height=\"1054\" srcset=\"https:\/\/mzwikglowno.pl\/wp-content\/uploads\/2023\/10\/20231023_083509-A.jpg 500w, https:\/\/mzwikglowno.pl\/wp-content\/uploads\/2023\/10\/20231023_083509-A-142x300.jpg 142w, https:\/\/mzwikglowno.pl\/wp-content\/uploads\/2023\/10\/20231023_083509-A-486x1024.jpg 486w\" sizes=\"auto, (max-width: 500px) 100vw, 500px\" \/><\/a><\/span><\/p>\n<p><span style=\"font-family: verdana, geneva, sans-serif; font-size: 12pt;\"><a href=\"https:\/\/mzwikglowno.pl\/index.php\/inwestycje\/20231023_083654-a\/\" rel=\"attachment wp-att-5105\"><img loading=\"lazy\" decoding=\"async\" class=\"aligncenter wp-image-5105 size-full\" src=\"https:\/\/mzwikglowno.pl\/wp-content\/uploads\/2023\/10\/20231023_083654-A.jpg\" alt=\"Inwestycje\" width=\"500\" height=\"236\" srcset=\"https:\/\/mzwikglowno.pl\/wp-content\/uploads\/2023\/10\/20231023_083654-A.jpg 500w, https:\/\/mzwikglowno.pl\/wp-content\/uploads\/2023\/10\/20231023_083654-A-300x142.jpg 300w\" sizes=\"auto, (max-width: 500px) 100vw, 500px\" \/><\/a><\/span><\/p>\n<p>&nbsp;<\/p>\n<hr>\n<p>&nbsp;<\/p>\n<p><span style=\"font-size: 12pt; font-family: verdana, geneva, sans-serif;\"><strong>Inwestycje wykonane przez nasz\u0105 Sp\u00f3\u0142k\u0119 w 2022r.<\/strong><\/span><\/p>\n<ol>\n<li>\n<h2><span style=\"font-size: 12pt; font-family: verdana, geneva, sans-serif;\">Si\u0119gacz kanalizacyjny w ul. Spornej z rur PVC o \u015brednicy fi 200 mm i d\u0142ugo\u015bci 99,71 mb oraz o \u015brednicy fi 160 mm i d\u0142ugo\u015bci 3,11 mb.<\/span><\/h2>\n<\/li>\n<li>\n<h2><span style=\"font-size: 12pt; font-family: verdana, geneva, sans-serif;\">Budowa sieci kanalizacyjnej w ul. Moczyd\u0142a; sie\u0107 kanalizacji sanitarnej z rur fi 200 mm PVC o \u0142\u0105cznej d\u0142ugo\u015bci 669,86 mb wraz ze studniami rewizyjnymi i si\u0119gaczami do granic posesji- fi 160 mm o \u0142\u0105cznej d\u0142ugo\u015bci 205,41 mb.<\/span><\/h2>\n<\/li>\n<li>\n<h2><span style=\"font-size: 12pt; font-family: verdana, geneva, sans-serif;\">Budowa kanalizacji deszczowej w ul. Ordona na odcinku od ul. Na\u0142kowskiej do ul. Zapolskiej z rur o fi 400 mm PVC o \u0142\u0105cznej d\u0142ugo\u015bci 71,20 mb wraz z wpustami deszczowymi.<\/span><\/h2>\n<\/li>\n<\/ol>\n<h1>&nbsp;<\/h1>\n","protected":false},"excerpt":{"rendered":"<p>&nbsp; Miejski Zak\u0142ad Wodoci\u0105g\u00f3w i Kanalizacji sp. z o.o. w G\u0142ownie prowadzi budow\u0119 sieci kanalizacji sanitarnej w ul. \u017bo\u0142\u0119dziowej od ul. D\u0119bowej i w ul. Bukowej. \u0141\u0105czna d\u0142ugo\u015b\u0107 kana\u0142u sanitarnego wraz z&nbsp; odej\u015bciami bocznymi&#46;&#46;&#46;<\/p>\n","protected":false},"author":3,"featured_media":0,"parent":0,"menu_order":21,"comment_status":"closed","ping_status":"closed","template":"","meta":{"ngg_post_thumbnail":0,"footnotes":""},"class_list":["post-4991","page","type-page","status-publish","hentry"],"jetpack_sharing_enabled":true,"_links":{"self":[{"href":"https:\/\/mzwikglowno.pl\/index.php\/wp-json\/wp\/v2\/pages\/4991","targetHints":{"allow":["GET"]}}],"collection":[{"href":"https:\/\/mzwikglowno.pl\/index.php\/wp-json\/wp\/v2\/pages"}],"about":[{"href":"https:\/\/mzwikglowno.pl\/index.php\/wp-json\/wp\/v2\/types\/page"}],"author":[{"embeddable":true,"href":"https:\/\/mzwikglowno.pl\/index.php\/wp-json\/wp\/v2\/users\/3"}],"replies":[{"embeddable":true,"href":"https:\/\/mzwikglowno.pl\/index.php\/wp-json\/wp\/v2\/comments?post=4991"}],"version-history":[{"count":21,"href":"https:\/\/mzwikglowno.pl\/index.php\/wp-json\/wp\/v2\/pages\/4991\/revisions"}],"predecessor-version":[{"id":6094,"href":"https:\/\/mzwikglowno.pl\/index.php\/wp-json\/wp\/v2\/pages\/4991\/revisions\/6094"}],"wp:attachment":[{"href":"https:\/\/mzwikglowno.pl\/index.php\/wp-json\/wp\/v2\/media?parent=4991"}],"curies":[{"name":"wp","href":"https:\/\/api.w.org\/{rel}","templated":true}]}}