{"id":259,"date":"2012-09-05T09:41:18","date_gmt":"2012-09-05T07:41:18","guid":{"rendered":"http:\/\/mzwikglowno.pl\/?page_id=259"},"modified":"2025-03-26T10:42:54","modified_gmt":"2025-03-26T09:42:54","slug":"inkasenci","status":"publish","type":"page","link":"https:\/\/mzwikglowno.pl\/index.php\/strefa-klienta\/inkasenci\/","title":{"rendered":"Inkasenci"},"content":{"rendered":"<h3 style=\"text-align: center;\">&nbsp;<\/h3>\n<h3 style=\"text-align: center;\"><span style=\"color: #000000;\"><strong><span style=\"font-size: 12pt;\">Nasi Inkasenci<\/span><\/strong><\/span><\/h3>\n<hr>\n<p>&nbsp;<\/p>\n<h4><strong><span style=\"font-size: 12pt; color: #000000;\">1.Dominik Szyma\u0144ski &#8211; &nbsp;tel. 512-105-635 &#8211; obs\u0142uguje ulice:<\/span><\/strong><\/h4>\n<p>&nbsp;<\/p>\n<table border=\"0\" cellspacing=\"0\" cellpadding=\"0\">\n<tbody>\n<tr style=\"height: 48px;\">\n<td style=\"height: 48px;\" colspan=\"2\" valign=\"top\" width=\"245\"><span style=\"font-size: 12pt;\"><strong>11<\/strong>-go Listopada&nbsp;&nbsp; &nbsp;<strong>K<\/strong>asprowicza<\/span><\/td>\n<td style=\"height: 48px;\" valign=\"top\" width=\"124\"><span style=\"font-size: 12pt;\"><strong>O<\/strong>siny<\/span><\/td>\n<td style=\"height: 48px;\" valign=\"top\" width=\"128\"><span style=\"font-size: 12pt;\">Struga<\/span><\/td>\n<\/tr>\n<tr style=\"height: 24px;\">\n<td style=\"height: 24px;\" valign=\"top\" width=\"116\"><span style=\"font-size: 12pt;\"><strong>3<\/strong>&#8211; Maja<\/span><\/td>\n<td style=\"height: 24px;\" valign=\"top\" width=\"129\"><span style=\"font-size: 12pt;\">Kasprzaka<\/span><\/td>\n<td style=\"height: 24px;\" valign=\"top\" width=\"124\"><span style=\"font-size: 12pt;\">Ostro\u0142\u0119cka<\/span><\/td>\n<td style=\"height: 24px;\" valign=\"top\" width=\"128\"><span style=\"font-size: 12pt;\">Sucharskiego<\/span><\/td>\n<\/tr>\n<tr style=\"height: 24px;\">\n<td style=\"height: 24px;\" valign=\"top\" width=\"116\"><span style=\"font-size: 12pt;\"><strong>A<\/strong>ndersa<\/span><\/td>\n<td style=\"height: 24px;\" valign=\"top\" width=\"129\"><span style=\"font-size: 12pt;\">Komorowskiej<\/span><\/td>\n<td style=\"height: 24px;\" valign=\"top\" width=\"124\"><span style=\"font-size: 12pt;\"><strong>P<\/strong>i\u0142sudskiego<\/span><\/td>\n<td style=\"height: 24px;\" valign=\"top\" width=\"128\"><span style=\"font-size: 12pt;\">Swoboda<\/span><\/td>\n<\/tr>\n<tr style=\"height: 48px;\">\n<td style=\"height: 48px;\" valign=\"top\" width=\"116\"><span style=\"font-size: 12pt;\"><strong>B<\/strong>oczna<\/span><\/td>\n<td style=\"height: 48px;\" valign=\"top\" width=\"129\"><span style=\"font-size: 12pt;\">Kopernika<\/span><\/td>\n<td style=\"height: 48px;\" valign=\"top\" width=\"124\"><span style=\"font-size: 12pt;\">Plac Kazimierza<\/span><\/td>\n<td style=\"height: 48px;\" valign=\"top\" width=\"128\"><span style=\"font-size: 12pt;\"><strong>\u015a<\/strong>ciegiennego<\/span><\/td>\n<\/tr>\n<tr style=\"height: 24px;\">\n<td style=\"height: 24px;\" valign=\"top\" width=\"116\"><span style=\"font-size: 12pt;\">Broniewskiego<\/span><\/td>\n<td style=\"height: 24px;\" valign=\"top\" width=\"129\"><span style=\"font-size: 12pt;\">Koralowa<\/span><\/td>\n<td style=\"height: 24px;\" valign=\"top\" width=\"124\"><span style=\"font-size: 12pt;\">Plac Wolno\u015bci<\/span><\/td>\n<td style=\"height: 24px;\" valign=\"top\" width=\"128\"><span style=\"font-size: 12pt;\">\u015aw. Barbary<\/span><\/td>\n<\/tr>\n<tr style=\"height: 24px;\">\n<td style=\"height: 24px;\" valign=\"top\" width=\"116\"><span style=\"font-size: 12pt;\"><strong>C<\/strong>ebertowicza<\/span><\/td>\n<td style=\"height: 24px;\" valign=\"top\" width=\"129\"><span style=\"font-size: 12pt;\">Ko\u015bciuszki<\/span><\/td>\n<td style=\"height: 24px;\" valign=\"top\" width=\"124\"><span style=\"font-size: 12pt;\">Pla\u017cowa<\/span><\/td>\n<td style=\"height: 24px;\" valign=\"top\" width=\"128\"><span style=\"font-size: 12pt;\"><strong>T<\/strong>argowa<\/span><\/td>\n<\/tr>\n<tr style=\"height: 24px;\">\n<td style=\"height: 24px;\" valign=\"top\" width=\"116\"><span style=\"font-size: 12pt;\">Chopina<\/span><\/td>\n<td style=\"height: 24px;\" valign=\"top\" width=\"129\"><span style=\"font-size: 12pt;\">Kraszewskiego<\/span><\/td>\n<td style=\"height: 24px;\" valign=\"top\" width=\"124\"><span style=\"font-size: 12pt;\">Polna<\/span><\/td>\n<td style=\"height: 24px;\" valign=\"top\" width=\"128\"><span style=\"font-size: 12pt;\">Tuwima<\/span><\/td>\n<\/tr>\n<tr style=\"height: 24px;\">\n<td style=\"height: 24px;\" valign=\"top\" width=\"116\"><span style=\"font-size: 12pt;\">Cicha<\/span><\/td>\n<td style=\"height: 24px;\" valign=\"top\" width=\"129\"><span style=\"font-size: 12pt;\">Kr\u00f3tka<\/span><\/td>\n<td style=\"height: 24px;\" valign=\"top\" width=\"124\"><span style=\"font-size: 12pt;\">Projektowana<\/span><\/td>\n<td style=\"height: 24px;\" valign=\"top\" width=\"128\"><span style=\"font-size: 12pt;\"><strong>U<\/strong>\u0142a\u0144ska<\/span><\/td>\n<\/tr>\n<tr style=\"height: 24px;\">\n<td style=\"height: 24px;\" valign=\"top\" width=\"116\"><span style=\"font-size: 12pt;\">Czackiego<\/span><\/td>\n<td style=\"height: 24px;\" valign=\"top\" width=\"129\"><span style=\"font-size: 12pt;\">Kwiatowa<\/span><\/td>\n<td style=\"height: 24px;\" valign=\"top\" width=\"124\"><span style=\"font-size: 12pt;\"><strong>R<\/strong>ynkowskiego<\/span><\/td>\n<td style=\"height: 24px;\" valign=\"top\" width=\"128\"><span style=\"font-size: 12pt;\"><strong>W<\/strong>esterplatte<\/span><\/td>\n<\/tr>\n<tr style=\"height: 24px;\">\n<td style=\"height: 24px;\" valign=\"top\" width=\"116\"><span style=\"font-size: 12pt;\">Czarnieckiego<\/span><\/td>\n<td style=\"height: 24px;\" valign=\"top\" width=\"129\"><span style=\"font-size: 12pt;\"><strong>L<\/strong>ekarska<\/span><\/td>\n<td style=\"height: 24px;\" valign=\"top\" width=\"124\"><span style=\"font-size: 12pt;\"><strong>S<\/strong>asanek<\/span><\/td>\n<td style=\"height: 24px;\" valign=\"top\" width=\"128\"><span style=\"font-size: 12pt;\">Wigury<\/span><\/td>\n<\/tr>\n<tr style=\"height: 48px;\">\n<td style=\"height: 48px;\" valign=\"top\" width=\"116\"><span style=\"font-size: 12pt;\">Czerwona<\/span><\/td>\n<td style=\"height: 48px;\" valign=\"top\" width=\"129\"><span style=\"font-size: 12pt;\">Le\u015bna<\/span><\/td>\n<td style=\"height: 48px;\" valign=\"top\" width=\"124\"><span style=\"font-size: 12pt;\">Sikorskiego<\/span><\/td>\n<td style=\"height: 48px;\" valign=\"top\" width=\"128\"><span style=\"font-size: 12pt;\">Wojska Polskiego<\/span><\/td>\n<\/tr>\n<tr style=\"height: 24px;\">\n<td style=\"height: 24px;\" valign=\"top\" width=\"116\"><span style=\"font-size: 12pt;\"><strong>D<\/strong>olna<\/span><\/td>\n<td style=\"height: 24px;\" valign=\"top\" width=\"129\"><span style=\"font-size: 12pt;\">Letnia<\/span><\/td>\n<td style=\"height: 24px;\" valign=\"top\" width=\"124\"><span style=\"font-size: 12pt;\">Sk\u0142odowskiej<\/span><\/td>\n<td style=\"height: 24px;\" valign=\"top\" width=\"128\"><span style=\"font-size: 12pt;\">Wysoka<\/span><\/td>\n<\/tr>\n<tr style=\"height: 24px;\">\n<td style=\"height: 24px;\" valign=\"top\" width=\"116\"><span style=\"font-size: 12pt;\">Dorzeczna<\/span><\/td>\n<td style=\"height: 24px;\" valign=\"top\" width=\"129\"><span style=\"font-size: 12pt;\"><strong>\u0141<\/strong>owicka<\/span><\/td>\n<td style=\"height: 24px;\" valign=\"top\" width=\"124\"><span style=\"font-size: 12pt;\">S\u0142owackiego<\/span><\/td>\n<td style=\"height: 24px;\" valign=\"top\" width=\"128\"><span style=\"font-size: 12pt;\">Wyspia\u0144skiego<\/span><\/td>\n<\/tr>\n<tr style=\"height: 24px;\">\n<td style=\"height: 24px;\" valign=\"top\" width=\"116\"><span style=\"font-size: 12pt;\">Dworska<\/span><\/td>\n<td style=\"height: 24px;\" valign=\"top\" width=\"129\"><span style=\"font-size: 12pt;\"><strong>M<\/strong>ickiewicza<\/span><\/td>\n<td style=\"height: 24px;\" valign=\"top\" width=\"124\"><span style=\"font-size: 12pt;\">Solskiego<\/span><\/td>\n<td style=\"height: 24px;\" valign=\"top\" width=\"128\"><span style=\"font-size: 12pt;\">Wyzwolenia<\/span><\/td>\n<\/tr>\n<tr style=\"height: 24px;\">\n<td style=\"height: 24px;\" valign=\"top\" width=\"116\"><span style=\"font-size: 12pt;\"><strong>E<\/strong>milii Plater<\/span><\/td>\n<td style=\"height: 24px;\" valign=\"top\" width=\"129\"><span style=\"font-size: 12pt;\">M\u0142ynarska<\/span><\/td>\n<td style=\"height: 24px;\" valign=\"top\" width=\"124\"><span style=\"font-size: 12pt;\">Sosnowa<\/span><\/td>\n<td style=\"height: 24px;\" valign=\"top\" width=\"128\"><span style=\"font-size: 12pt;\"><strong>Z<\/strong>acisze<\/span><\/td>\n<\/tr>\n<tr style=\"height: 24px;\">\n<td style=\"height: 24px;\" valign=\"top\" width=\"116\"><span style=\"font-size: 12pt;\"><strong>F<\/strong>abryczna<\/span><\/td>\n<td style=\"height: 24px;\" valign=\"top\" width=\"129\"><span style=\"font-size: 12pt;\">Monte Casino<\/span><\/td>\n<td style=\"height: 24px;\" valign=\"top\" width=\"124\"><span style=\"font-size: 12pt;\">Spacerowa<\/span><\/td>\n<td style=\"height: 24px;\" valign=\"top\" width=\"128\"><span style=\"font-size: 12pt;\">Zakopia\u0144ska<\/span><\/td>\n<\/tr>\n<tr style=\"height: 24px;\">\n<td style=\"height: 24px;\" valign=\"top\" width=\"116\"><span style=\"font-size: 12pt;\"><strong>G<\/strong>arbarska<\/span><\/td>\n<td style=\"height: 24px;\" valign=\"top\" width=\"129\"><span style=\"font-size: 12pt;\">Morska<\/span><\/td>\n<td style=\"height: 24px;\" valign=\"top\" width=\"124\"><span style=\"font-size: 12pt;\">Sporna<\/span><\/td>\n<td style=\"height: 24px;\" valign=\"top\" width=\"128\"><span style=\"font-size: 12pt;\">Zapolskiej<\/span><\/td>\n<\/tr>\n<tr style=\"height: 24px;\">\n<td style=\"height: 24px;\" valign=\"top\" width=\"116\"><span style=\"font-size: 12pt;\">G\u00f3rna<\/span><\/td>\n<td style=\"height: 24px;\" valign=\"top\" width=\"129\"><span style=\"font-size: 12pt;\">My\u015bliwska<\/span><\/td>\n<td style=\"height: 24px;\" valign=\"top\" width=\"124\"><span style=\"font-size: 12pt;\">Sportowa<\/span><\/td>\n<td style=\"height: 24px;\" valign=\"top\" width=\"128\"><span style=\"font-size: 12pt;\">Zgierska<\/span><\/td>\n<\/tr>\n<tr style=\"height: 24px;\">\n<td style=\"height: 24px;\" valign=\"top\" width=\"116\"><span style=\"font-size: 12pt;\">Graniczna<\/span><\/td>\n<td style=\"height: 24px;\" valign=\"top\" width=\"129\"><span style=\"font-size: 12pt;\"><strong>N<\/strong>a\u0142kowskiej<\/span><\/td>\n<td style=\"height: 24px;\" valign=\"top\" width=\"124\"><span style=\"font-size: 12pt;\">Sp\u00f3\u0142dzielcza<\/span><\/td>\n<td style=\"height: 24px;\" valign=\"top\" width=\"128\"><span style=\"font-size: 12pt;\"><strong>\u017b<\/strong>eromskiego<\/span><\/td>\n<\/tr>\n<tr style=\"height: 24px;\">\n<td style=\"height: 24px;\" valign=\"top\" width=\"116\"><span style=\"font-size: 12pt;\"><strong>H<\/strong>ubala<\/span><\/td>\n<td style=\"height: 24px;\" valign=\"top\" width=\"129\"><span style=\"font-size: 12pt;\">Nowa<\/span><\/td>\n<td style=\"height: 24px;\" valign=\"top\" width=\"124\"><span style=\"font-size: 12pt;\">Stra\u017cacka<\/span><\/td>\n<td style=\"height: 24px;\" valign=\"top\" width=\"128\"><span style=\"font-size: 12pt;\">\u017bwirki<\/span><\/td>\n<\/tr>\n<tr style=\"height: 24px;\">\n<td style=\"height: 24px;\" valign=\"top\" width=\"116\"><span style=\"font-size: 12pt;\">Huta J\u00f3zef\u00f3w<\/span><\/td>\n<td style=\"height: 24px;\" valign=\"top\" width=\"129\">&nbsp;<\/td>\n<td style=\"height: 24px;\" valign=\"top\" width=\"124\">&nbsp;<\/td>\n<td style=\"height: 24px;\" valign=\"top\" width=\"128\">&nbsp;<\/td>\n<\/tr>\n<\/tbody>\n<\/table>\n<p>&nbsp;<\/p>\n<hr>\n<p>&nbsp;<\/p>\n<h4><strong><span style=\"font-size: 12pt; color: #000000;\">2.Piotr W\u0142odarski &#8211; tel. 500-181-876 &#8211; obs\u0142uguje ulice:<\/span><\/strong><\/h4>\n<p>&nbsp;<\/p>\n<table border=\"0\" cellspacing=\"0\" cellpadding=\"0\">\n<tbody>\n<tr>\n<td valign=\"top\" width=\"113\"><span style=\"font-size: 12pt;\"><strong>18-<\/strong>go Stycznia<\/span><\/td>\n<td valign=\"top\" width=\"123\"><span style=\"font-size: 12pt;\"><strong>L<\/strong>ewa<\/span><\/td>\n<td valign=\"top\" width=\"132\"><span style=\"font-size: 12pt;\">Pi\u0119kna<\/span><\/td>\n<td valign=\"top\" width=\"123\"><span style=\"font-size: 12pt;\">\u015awierkowa<\/span><\/td>\n<\/tr>\n<tr>\n<td valign=\"top\" width=\"113\"><span style=\"font-size: 12pt;\">Akacjowa<\/span><\/td>\n<td valign=\"top\" width=\"123\"><span style=\"font-size: 12pt;\">Limanowskiego<\/span><\/td>\n<td valign=\"top\" width=\"132\"><span style=\"font-size: 12pt;\">Plac Reymonta<\/span><\/td>\n<td valign=\"top\" width=\"123\"><span style=\"font-size: 12pt;\"><strong>T<\/strong>opolowa<\/span><\/td>\n<\/tr>\n<tr>\n<td valign=\"top\" width=\"113\"><span style=\"font-size: 12pt;\">Asnyka<\/span><\/td>\n<td valign=\"top\" width=\"123\"><span style=\"font-size: 12pt;\"><strong>\u0141<\/strong>\u0105czna<\/span><\/td>\n<td valign=\"top\" width=\"132\"><span style=\"font-size: 12pt;\">Podle\u015bna<\/span><\/td>\n<td valign=\"top\" width=\"123\"><span style=\"font-size: 12pt;\">Torowa<\/span><\/td>\n<\/tr>\n<tr>\n<td valign=\"top\" width=\"113\"><span style=\"font-size: 12pt;\"><strong>B<\/strong>arlickiego<\/span><\/td>\n<td valign=\"top\" width=\"123\"><span style=\"font-size: 12pt;\">\u0141\u0105kowa<\/span><\/td>\n<td valign=\"top\" width=\"132\"><span style=\"font-size: 12pt;\">Po\u0142udniowa<\/span><\/td>\n<td valign=\"top\" width=\"123\"><span style=\"font-size: 12pt;\">Traugutta<\/span><\/td>\n<\/tr>\n<tr>\n<td valign=\"top\" width=\"113\"><span style=\"font-size: 12pt;\">Bartnicza<\/span><\/td>\n<td valign=\"top\" width=\"123\"><span style=\"font-size: 12pt;\">\u0141\u00f3dzka<\/span><\/td>\n<td valign=\"top\" width=\"132\"><span style=\"font-size: 12pt;\">Popie\u0142uszki<\/span><\/td>\n<td valign=\"top\" width=\"123\"><span style=\"font-size: 12pt;\"><strong>W<\/strong>eso\u0142a<\/span><\/td>\n<\/tr>\n<tr>\n<td valign=\"top\" width=\"113\"><span style=\"font-size: 12pt;\">Bema<\/span><\/td>\n<td valign=\"top\" width=\"123\"><span style=\"font-size: 12pt;\">\u0141ysog\u00f3rska<\/span><\/td>\n<td valign=\"top\" width=\"132\"><span style=\"font-size: 12pt;\">P\u00f3\u0142nocna<\/span><\/td>\n<td valign=\"top\" width=\"123\"><span style=\"font-size: 12pt;\">Wiejska<\/span><\/td>\n<\/tr>\n<tr>\n<td valign=\"top\" width=\"113\"><span style=\"font-size: 12pt;\">Bielawska<\/span><\/td>\n<td valign=\"top\" width=\"123\"><span style=\"font-size: 12pt;\"><strong>M<\/strong>akuszy\u0144skiego<\/span><\/td>\n<td valign=\"top\" width=\"132\"><span style=\"font-size: 12pt;\">Prawa<\/span><\/td>\n<td valign=\"top\" width=\"123\"><span style=\"font-size: 12pt;\">Wilcza<\/span><\/td>\n<\/tr>\n<tr>\n<td valign=\"top\" width=\"113\"><span style=\"font-size: 12pt;\">B\u0142otna<\/span><\/td>\n<td valign=\"top\" width=\"123\"><span style=\"font-size: 12pt;\">Ma\u0142a<\/span><\/td>\n<td valign=\"top\" width=\"132\"><span style=\"font-size: 12pt;\">Prusa<\/span><\/td>\n<td valign=\"top\" width=\"123\"><span style=\"font-size: 12pt;\">Wi\u015bniowa<\/span><\/td>\n<\/tr>\n<tr>\n<td valign=\"top\" width=\"113\"><span style=\"font-size: 12pt;\">Bukowa<\/span><\/td>\n<td valign=\"top\" width=\"123\"><span style=\"font-size: 12pt;\">Mi\u0142a<\/span><\/td>\n<td valign=\"top\" width=\"132\"><span style=\"font-size: 12pt;\">Prze\u0142ajowa<\/span><\/td>\n<td valign=\"top\" width=\"123\"><span style=\"font-size: 12pt;\">Wodna<\/span><\/td>\n<\/tr>\n<tr>\n<td valign=\"top\" width=\"113\"><span style=\"font-size: 12pt;\"><strong>D<\/strong>\u0105browskiego<\/span><\/td>\n<td valign=\"top\" width=\"123\"><span style=\"font-size: 12pt;\">Miodowa<\/span><\/td>\n<td valign=\"top\" width=\"132\"><span style=\"font-size: 12pt;\">Przy\u0142\u0105kowa<\/span><\/td>\n<td valign=\"top\" width=\"123\"><span style=\"font-size: 12pt;\">Woskowa<\/span><\/td>\n<\/tr>\n<tr>\n<td valign=\"top\" width=\"113\"><span style=\"font-size: 12pt;\">D\u0119bowa<\/span><\/td>\n<td valign=\"top\" width=\"123\"><span style=\"font-size: 12pt;\">Moczyd\u0142a<\/span><\/td>\n<td valign=\"top\" width=\"132\"><span style=\"font-size: 12pt;\">Ptasia<\/span><\/td>\n<td valign=\"top\" width=\"123\"><span style=\"font-size: 12pt;\">Wrzosowa<\/span><\/td>\n<\/tr>\n<tr>\n<td valign=\"top\" width=\"113\"><span style=\"font-size: 12pt;\"><strong>G<\/strong>\u0142\u00f3wna<\/span><\/td>\n<td valign=\"top\" width=\"123\"><span style=\"font-size: 12pt;\">Modrzewiowa<\/span><\/td>\n<td valign=\"top\" width=\"132\"><span style=\"font-size: 12pt;\"><strong>R<\/strong>ataja<\/span><\/td>\n<td valign=\"top\" width=\"123\"><span style=\"font-size: 12pt;\">Wyszy\u0144skiego<\/span><\/td>\n<\/tr>\n<tr>\n<td valign=\"top\" width=\"113\"><span style=\"font-size: 12pt;\">Grzybowa<\/span><\/td>\n<td valign=\"top\" width=\"123\"><span style=\"font-size: 12pt;\"><strong>N<\/strong>arutowicza<\/span><\/td>\n<td valign=\"top\" width=\"132\"><span style=\"font-size: 12pt;\">Robotnicza<\/span><\/td>\n<td valign=\"top\" width=\"123\"><span style=\"font-size: 12pt;\"><strong>Z<\/strong>abrze\u017ania\u0144ska<\/span><\/td>\n<\/tr>\n<tr>\n<td valign=\"top\" width=\"113\"><span style=\"font-size: 12pt;\"><strong>H<\/strong>arcerska<\/span><\/td>\n<td valign=\"top\" width=\"123\"><span style=\"font-size: 12pt;\"><strong>O<\/strong>grodnicza<\/span><\/td>\n<td valign=\"top\" width=\"132\"><span style=\"font-size: 12pt;\">Rodzinna<\/span><\/td>\n<td valign=\"top\" width=\"123\"><span style=\"font-size: 12pt;\">Zachodnia<\/span><\/td>\n<\/tr>\n<tr>\n<td valign=\"top\" width=\"113\"><span style=\"font-size: 12pt;\"><strong>J<\/strong>asna<\/span><\/td>\n<td valign=\"top\" width=\"123\"><span style=\"font-size: 12pt;\">Okr\u0119\u017cna<\/span><\/td>\n<td valign=\"top\" width=\"132\"><span style=\"font-size: 12pt;\">Rybacka<\/span><\/td>\n<td valign=\"top\" width=\"123\"><span style=\"font-size: 12pt;\">Zagajnikowa<\/span><\/td>\n<\/tr>\n<tr>\n<td valign=\"top\" width=\"113\"><span style=\"font-size: 12pt;\">Jesionowa<\/span><\/td>\n<td valign=\"top\" width=\"123\"><span style=\"font-size: 12pt;\">Okrzei<\/span><\/td>\n<td valign=\"top\" width=\"132\"><span style=\"font-size: 12pt;\"><strong>S<\/strong>ienkiewicza<\/span><\/td>\n<td valign=\"top\" width=\"123\"><span style=\"font-size: 12pt;\">Zak\u0105tna<\/span><\/td>\n<\/tr>\n<tr>\n<td valign=\"top\" width=\"113\"><span style=\"font-size: 12pt;\">Jod\u0142owa<\/span><\/td>\n<td valign=\"top\" width=\"123\"><span style=\"font-size: 12pt;\">Olszowa<\/span><\/td>\n<td valign=\"top\" width=\"132\"><span style=\"font-size: 12pt;\">Skokowskiego<\/span><\/td>\n<td valign=\"top\" width=\"123\"><span style=\"font-size: 12pt;\">Zakr\u0119t<\/span><\/td>\n<\/tr>\n<tr>\n<td valign=\"top\" width=\"113\"><span style=\"font-size: 12pt;\"><strong>K<\/strong>arasicka<\/span><\/td>\n<td valign=\"top\" width=\"123\"><span style=\"font-size: 12pt;\">Ordona<\/span><\/td>\n<td valign=\"top\" width=\"132\"><span style=\"font-size: 12pt;\">Skr\u0119tna<\/span><\/td>\n<td valign=\"top\" width=\"123\"><span style=\"font-size: 12pt;\">Zamiejska<\/span><\/td>\n<\/tr>\n<tr>\n<td valign=\"top\" width=\"113\"><span style=\"font-size: 12pt;\">Kasztanowa<\/span><\/td>\n<td valign=\"top\" width=\"123\"><span style=\"font-size: 12pt;\">Orzeszkowej<\/span><\/td>\n<td valign=\"top\" width=\"132\"><span style=\"font-size: 12pt;\">Sobieskiego<\/span><\/td>\n<td valign=\"top\" width=\"123\"><span style=\"font-size: 12pt;\">Zielona<\/span><\/td>\n<\/tr>\n<tr>\n<td valign=\"top\" width=\"113\"><span style=\"font-size: 12pt;\">Kili\u0144skiego<\/span><\/td>\n<td valign=\"top\" width=\"123\"><span style=\"font-size: 12pt;\"><strong>P<\/strong>artyzant\u00f3w<\/span><\/td>\n<td valign=\"top\" width=\"132\"><span style=\"font-size: 12pt;\">Sowi\u0144skiego<\/span><\/td>\n<td valign=\"top\" width=\"123\"><span style=\"font-size: 12pt;\">Ziewanicka<\/span><\/td>\n<\/tr>\n<tr>\n<td valign=\"top\" width=\"113\"><span style=\"font-size: 12pt;\">Kolejowa<\/span><\/td>\n<td valign=\"top\" width=\"123\"><span style=\"font-size: 12pt;\">Pasterska<\/span><\/td>\n<td valign=\"top\" width=\"132\"><span style=\"font-size: 12pt;\">Sucha<\/span><\/td>\n<td valign=\"top\" width=\"123\"><span style=\"font-size: 12pt;\">Z\u0142ota<\/span><\/td>\n<\/tr>\n<tr>\n<td valign=\"top\" width=\"113\"><span style=\"font-size: 12pt;\">Konarowa<\/span><\/td>\n<td valign=\"top\" width=\"123\"><span style=\"font-size: 12pt;\">Piaskowa<\/span><\/td>\n<td valign=\"top\" width=\"132\"><span style=\"font-size: 12pt;\">Szkolna<\/span><\/td>\n<td valign=\"top\" width=\"123\"><span style=\"font-size: 12pt;\"><strong>\u017b<\/strong>o\u0142\u0119dziowa<\/span><\/td>\n<\/tr>\n<tr>\n<td valign=\"top\" width=\"113\"><span style=\"font-size: 12pt;\">Konarskiego<\/span><\/td>\n<td valign=\"top\" width=\"123\"><span style=\"font-size: 12pt;\">Pi\u0105tkowska<\/span><\/td>\n<td valign=\"top\" width=\"132\"><span style=\"font-size: 12pt;\"><strong>\u015a<\/strong>l\u0105ska<\/span><\/td>\n<td valign=\"top\" width=\"123\">&nbsp;<\/td>\n<\/tr>\n<\/tbody>\n<\/table>\n<p>&nbsp;<\/p>\n<hr>\n<p>&nbsp;<\/p>\n","protected":false},"excerpt":{"rendered":"<p>&nbsp; Nasi Inkasenci &nbsp; 1.Dominik Szyma\u0144ski &#8211; &nbsp;tel. 512-105-635 &#8211; obs\u0142uguje ulice: &nbsp; 11-go Listopada&nbsp;&nbsp; &nbsp;Kasprowicza Osiny Struga 3&#8211; Maja Kasprzaka Ostro\u0142\u0119cka Sucharskiego Andersa Komorowskiej Pi\u0142sudskiego Swoboda Boczna Kopernika Plac Kazimierza \u015aciegiennego Broniewskiego Koralowa&#46;&#46;&#46;<\/p>\n","protected":false},"author":3,"featured_media":0,"parent":357,"menu_order":0,"comment_status":"open","ping_status":"closed","template":"","meta":{"ngg_post_thumbnail":0,"footnotes":""},"class_list":["post-259","page","type-page","status-publish","hentry"],"jetpack_sharing_enabled":true,"_links":{"self":[{"href":"https:\/\/mzwikglowno.pl\/index.php\/wp-json\/wp\/v2\/pages\/259","targetHints":{"allow":["GET"]}}],"collection":[{"href":"https:\/\/mzwikglowno.pl\/index.php\/wp-json\/wp\/v2\/pages"}],"about":[{"href":"https:\/\/mzwikglowno.pl\/index.php\/wp-json\/wp\/v2\/types\/page"}],"author":[{"embeddable":true,"href":"https:\/\/mzwikglowno.pl\/index.php\/wp-json\/wp\/v2\/users\/3"}],"replies":[{"embeddable":true,"href":"https:\/\/mzwikglowno.pl\/index.php\/wp-json\/wp\/v2\/comments?post=259"}],"version-history":[{"count":76,"href":"https:\/\/mzwikglowno.pl\/index.php\/wp-json\/wp\/v2\/pages\/259\/revisions"}],"predecessor-version":[{"id":5587,"href":"https:\/\/mzwikglowno.pl\/index.php\/wp-json\/wp\/v2\/pages\/259\/revisions\/5587"}],"up":[{"embeddable":true,"href":"https:\/\/mzwikglowno.pl\/index.php\/wp-json\/wp\/v2\/pages\/357"}],"wp:attachment":[{"href":"https:\/\/mzwikglowno.pl\/index.php\/wp-json\/wp\/v2\/media?parent=259"}],"curies":[{"name":"wp","href":"https:\/\/api.w.org\/{rel}","templated":true}]}}